is 30202 - 33113?
-2311
In base 13, what is 4 + 4722187?
472218b
In base 4, what is -32 + 122031110121?
122031110023
In base 5, what is -1334 - -221312?
214423
In base 8, what is -10 - 137734351?
-137734361
In base 7, what is 245514 + 1130?
246644
In base 15, what is 90c633 + 8d?
90c6c1
In base 5, what is 1030134 + -40434?
434200
In base 15, what is -15a4 - 329?
-18cd
In base 2, what is 10 + 10000001000011000001101100110?
10000001000011000001101101000
In base 10, what is -22708 - 2446?
-25154
In base 12, what is -17397 + -1b5?
-17590
In base 13, what is -c719 + 4a2?
-c247
In base 8, what is -5302723 + 41?
-5302662
In base 9, what is 2 - 383330742?
-383330740
In base 16, what is -68290 - -1d4?
-680bc
In base 4, what is -2 - -1121232000332?
1121232000330
In base 4, what is 1202312 - -2123122?
3332100
In base 7, what is -51454414 + -22?
-51454436
In base 15, what is 6e2 - c36c?
-bb7a
In base 4, what is 13223100323 - -2?
13223100331
In base 9, what is 682401 + 117?
682518
In base 11, what is 135a - -2a16?
4275
In base 14, what is 1d114968 - -5?
1d11496d
In base 13, what is -b08 + 1a88?
c80
In base 3, what is 1212100011 - -1120022000?
10102122011
In base 13, what is 13783ba3 + 1?
13783ba4
In base 4, what is -311 + 23000022?
22333111
In base 4, what is 30211331 + -11011301?
13200030
In base 7, what is -50624 + -154?
-51111
In base 16, what is 768 - 10ee?
-986
In base 4, what is -103201022 - -31302?
-103103120
In base 9, what is -100284 - -66?
-100217
In base 8, what is -400 - -22067?
21467
In base 6, what is 1200034040 + -25?
1200034011
In base 10, what is 11 - 719540?
-719529
In base 16, what is -b5f84 - 67?
-b5feb
In base 8, what is 4277600 + -20?
4277560
In base 3, what is -220001111 + 1?
-220001110
In base 3, what is -12 + -1221212100022222?
-1221212100100011
In base 8, what is 1701522131 - -4?
1701522135
In base 12, what is -6318205 - 2?
-6318207
In base 11, what is 29400 + 6?
29406
In base 7, what is -21655025 - 1?
-21655026
In base 2, what is -1011 - -111111101101100101?
111111101101011010
In base 11, what is -22772 + -532?
-231a4
In base 9, what is 2136 + -12645?
-10508
In base 9, what is -5 + -110615338?
-110615344
In base 8, what is -1 + -21624033?
-21624034
In base 3, what is -2022211212021121 + 20?
-2022211212021101
In base 13, what is -40221 - -4?
-4021a
In base 12, what is -19 + 80b28a?
80b271
In base 16, what is 48d6b - -2d?
48d98
In base 12, what is 7 + -558285?
-55827a
In base 8, what is 3 - -2447437331?
2447437334
In base 16, what is -1 - 13496e?
-13496f
In base 16, what is -f4 + -4ad9?
-4bcd
In base 7, what is 543 + 363526?
364402
In base 8, what is 20541 + 1266?
22027
In base 3, what is 11021100001000 + -20?
11021100000210
In base 5, what is -331040003 + -2?
-331040010
In base 11, what is -132 - -130a44?
130912
In base 12, what is -38b - 72a1?
-7670
In base 14, what is 190 + 68?
218
In base 11, what is -61 - -34a5a?
349a9
In base 3, what is 2211 - 10110110?
-10100122
In base 12, what is 9 - -164b73?
164b80
In base 8, what is 5 + -5045131?
-5045124
In base 6, what is -30434 + -1124013?
-1154451
In base 16, what is d4fa2a + 2?
d4fa2c
In base 2, what is -110010 - -10000111010010001100?
10000111010001011010
In base 10, what is -556675 + -10?
-556685
In base 2, what is -10000000101111110011 - 11110?
-10000000110000010001
In base 11, what is -32a0 + 1a56?
-1345
In base 3, what is -11 - 100220201021211?
-100220201021222
In base 15, what is -68cb478 - 2?
-68cb47a
In base 8, what is -41 - 304430?
-304471
In base 6, what is 12132335 - 221?
12132114
In base 13, what is -a743aa0 - c?
-a743aac
In base 7, what is 6335 - 510401?
-501033
In base 13, what is 3520 - 2b6c?
681
In base 10, what is -14333 - 1651?
-15984
In base 4, what is 1103002 - 233102?
203300
In base 10, what is 1275618 - 8?
1275610
In base 10, what is -110967 + -73?
-111040
In base 15, what is 146755 + -3?
146752
In base 14, what is -2a5 - -43773?
434ac
In base 2, what is 10111 - 11011011000011000110101?
-11011011000011000011110
In base 11, what is 853928 - 1?
853927
In base 7, what is 4054602 + -3?
4054566
In base 10, what is -4 - 1545318?
-1545322
In base 9, what is 6458 - 30315?
-22746
In base 8, what is -15300 + -14207?
-31507
In base 15, what is 30c5b0 + 55?
30c615
In base 6, what is 241 + 11021333?
11022014
In base 7, what is -12366124332 - -3?
-12366124326
In base 7, what is -6335 - 1020426?
-1030064
In base 6, what is 13235312 - -11000?
13250312
In base 6, what is 1515 + -1525415?
-1523500
In base 10, what is 0 + 12279188?
12279188
In base 7, what is -163 - 433406?
-433602
In base 15, what is -b45ade - -4?
-b45ada
In base 3, what is -10 + -12110122221220?
-12110122222000
In base 7, what is 1055 - 51610?
-50522
In base 11, what is -3759 + 454?
-3305
In base 15, what is 6a0c8d + aa?
6a0d48
In base 13, what is -188b62 - -8?
-188b57
In base 13, what is c36 - 90a?
329
In base 5, what is 21020013031 - -1?
21020013032
In base 15, what is -51e05 + -9?
-51e0e
In base 5, what is 443 + -3020004?
-3014011
In base 15, what is 1 - -128026?
128027
In base 7, what is -4 + 113225316?
113225312
In base 10, what is -5 + -2169893?
-2169898
In base 12, what is 5ba6115 - 2?
5ba6113
In base 8, what is 1052 - -746?
2020
In base 7, what is -6055410 - -1066?
-6054311
In base 13, what is -4aca - 33bb7?
-389b4
In base 9, what is 4012 - 823?
3078
In base 2, what is -1000001110110 + 1101000000?
-110100110110
In base 3, what is -2 - -112101101011011102?
112101101011011100
In base 12, what is 967ba - -75a?
97358
In base 15, what is 29 + 667cd6?
667d10
In base 9, what is 1117810 - 0?
1117810
In base 12, what is 18aa63a9 - 4?
18aa63a5
In base 5, what is -131 + -114103043?
-114103224
In base 13, what is 2036 - 4b0c8?
-49092
In base 6, what is -1 - -1242131153?
1242131152
In base 11, what is 287 + 238687?
238963
In base 5, what is -10 + -30102313?
-30102323
In base 5, what is 110300 + -333112?
-222312
In base 9, what is 507 + 86555?
87163
In base 14, what is 1d62 + -22463?
-20501
In base 8, what is 4227202 + 7?
4227211
In base 6, what is 5530042433 + 4?
5530042441
In base 10, what is 1 - -10357333?
10357334
In base 8, what is -3416674 - 7?
-3416703
In base 7, what is 203 - -421531?
422034
In base 3, what is -12 + -10111202222201?
-10111202222220
In base 5, what is -34 + 342431212?
342431123
In base 2, what is -10100111001 - -1111100110101?
1100111111100
In base 14, what is 44a + 4247?
4693
In base 12, what is 3615 - -303?
3918
In base 2, what is 1 - 101000000101110101110111?
-101000000101110101110110
In base 16, what is 4 + 5877287?
587728b
In base 3, what is -1012 + 1002121200122?
1002121122110
In base 2, what is 1101100001010011011110 + 1?
1101100001010011011111
In base 5, what is 22123031 - -13?
22123044
In base 6, what is -5451503 - 20220?
-5512123
In base 14, what is 5 - 60773d?
-607738
In base 15, what is 33c7 + -23504?
-2012c
In base 14, what is 91502 + -d?
914d3
In base 12, what is 2b09 - 221a8?
-1b29b
In base 7, what is -120 + -342436?
-342556
In base 15, what is -3 - -1b6e794?
1b6e791
In base 11, what is -4 + 193a916?
193a912
In base 9, what is -377654370 - -1?
-377654368
In base 14, what is -1572 + 16ac?
13a
In base 2, what is -100111111001001100000 - -100010?
-100111111001000111110
In base 8, what is 11575 + -12231?
-434
In base 14, what is -34927 - -33c9?
-3153c
In base 4, what is -2011 - 22323021100?
-22323023111
In base 8, what is -35 - 2213662?
-2213717
In base 10, what is -31227 + 144?
-31083
In base 14, what is -c + -132d599?
-132d5a7
In base 12, what is -1 - -102530?
10252b
In base 8, what is -67150 - 2431?
-71601
In base 15, what is 56a911 - -10?
56a921
In base 8, what is 41 + -426264?
-426223
In base 6, what is 100522 - -12550?
113512
In base 2, what is -1000 - 100110010111101000011?
-100110010111101001011
In base 3, what is -201202 + -1120200?
-2022102
In base 15, what is -766a48a + 5?
-766a485
In base 14, what is 33 - -a456?
a489
In base 3, what is -12 + 10121210002121021?
10121210002121002
In base 8, what is 222751 + -23?
222726
In base 11, what is -29 - -1956232?
1956204
In base 14, what is -497c08 + -10?
-497c18
In base 11, what is -9a806 + 6?
-9a800
In base 4, what is -300133 - -10112?
-230021
In base 14, what is 3 - d28a30?
-d28a2b
In base 10, what is -694 - -48131?
47437
I